st the prime factors of 232.
2, 29
What are the prime factors of 592?
2, 37
List the prime factors of 4004.
2, 7, 11, 13
What are the prime factors of 2771?
17, 163
What are the prime factors of 28347?
3, 11, 859
What are the prime factors of 23758?
2, 7, 1697
What are the prime factors of 8523?
3, 947
List the prime factors of 2378.
2, 29, 41
List the prime factors of 12191.
73, 167
What are the prime factors of 1119?
3, 373
What are the prime factors of 3401?
19, 179
What are the prime factors of 2274?
2, 3, 379
What are the prime factors of 798?
2, 3, 7, 19
List the prime factors of 18363.
3, 6121
List the prime factors of 666.
2, 3, 37
List the prime factors of 626.
2, 313
What are the prime factors of 95039?
7, 13577
What are the prime factors of 92379?
3, 7, 53, 83
List the prime factors of 61555.
5, 13, 947
What are the prime factors of 155323?
7, 22189
List the prime factors of 423.
3, 47
What are the prime factors of 3761?
3761
List the prime factors of 123744.
2, 3, 1289
List the prime factors of 46196.
2, 11549
What are the prime factors of 1417?
13, 109
What are the prime factors of 5936?
2, 7, 53
What are the prime factors of 3084?
2, 3, 257
What are the prime factors of 3689?
7, 17, 31
List the prime factors of 9891.
3, 7, 157
List the prime factors of 53910.
2, 3, 5, 599
List the prime factors of 789.
3, 263
What are the prime factors of 8176?
2, 7, 73
List the prime factors of 2821.
7, 13, 31
List the prime factors of 20459.
41, 499
What are the prime factors of 3652?
2, 11, 83
List the prime factors of 4685.
5, 937
List the prime factors of 6106.
2, 43, 71
List the prime factors of 442.
2, 13, 17
List the prime factors of 1649.
17, 97
What are the prime factors of 1682?
2, 29
What are the prime factors of 2764?
2, 691
What are the prime factors of 1926?
2, 3, 107
List the prime factors of 3702.
2, 3, 617
What are the prime factors of 12585?
3, 5, 839
What are the prime factors of 1773?
3, 197
What are the prime factors of 17341?
17341
What are the prime factors of 21431?
29, 739
List the prime factors of 23127.
3, 13, 593
List the prime factors of 11371.
83, 137
List the prime factors of 34065.
3, 5, 757
List the prime factors of 94743.
3, 11, 29
List the prime factors of 2407.
29, 83
What are the prime factors of 38?
2, 19
List the prime factors of 4660.
2, 5, 233
What are the prime factors of 26390?
2, 5, 7, 13, 29
What are the prime factors of 1398?
2, 3, 233
What are the prime factors of 1504?
2, 47
What are the prime factors of 670?
2, 5, 67
List the prime factors of 21295.
5, 4259
What are the prime factors of 552?
2, 3, 23
List the prime factors of 877.
877
What are the prime factors of 5229?
3, 7, 83
What are the prime factors of 12528?
2, 3, 29
What are the prime factors of 1542?
2, 3, 257
List the prime factors of 4379.
29, 151
What are the prime factors of 29877?
3, 23, 433
What are the prime factors of 12552?
2, 3, 523
List the prime factors of 922.
2, 461
List the prime factors of 3376.
2, 211
List the prime factors of 315.
3, 5, 7
What are the prime factors of 1117?
1117
What are the prime factors of 26531?
43, 617
What are the prime factors of 2328?
2, 3, 97
List the prime factors of 29326.
2, 11, 31, 43
List the prime factors of 3699.
3, 137
What are the prime factors of 256?
2
List the prime factors of 1542.
2, 3, 257
List the prime factors of 263.
263
List the prime factors of 67536.
2, 3, 7, 67
List the prime factors of 531.
3, 59
What are the prime factors of 455?
5, 7, 13
List the prime factors of 38466.
2, 3, 2137
List the prime factors of 54290.
2, 5, 61, 89
List the prime factors of 35116.
2, 8779
What are the prime factors of 86857?
86857
List the prime factors of 31458.
2, 3, 7, 107
List the prime factors of 101817.
3, 419
List the prime factors of 5003.
5003
List the prime factors of 373.
373
List the prime factors of 377.
13, 29
List the prime factors of 876.
2, 3, 73
What are the prime factors of 42680?
2, 5, 11, 97
List the prime factors of 87.
3, 29
What are the prime factors of 8039?
8039
List the prime factors of 414.
2, 3, 23
List the prime factors of 58711.
58711
List the prime factors of 33212.
2, 19, 23
What are the prime factors of 2393?
2393
What are the prime factors of 17653?
127, 139
What are the prime factors of 861?
3, 7, 41
What are the prime factors of 1435?
5, 7, 41
List the prime factors of 50505.
3, 5, 7, 13, 37
What are the prime factors of 4212?
2, 3, 13
What are the prime factors of 12614?
2, 7, 17, 53
What are the prime factors of 41676?
2, 3, 23, 151
List the prime factors of 118097.
7, 16871
What are the prime factors of 25819?
25819
What are the prime factors of 90068?
2, 11, 23, 89
What are the prime factors of 1467?
3, 163
List the prime factors of 2596.
2, 11, 59
List the prime factors of 6156.
2, 3, 19
What are the prime factors of 52789?
11, 4799
List the prime factors of 11610.
2, 3, 5, 43
List the prime factors of 4704.
2, 3, 7
List the prime factors of 1143.
3, 127
What are the prime factors of 30011?
30011
List the prime factors of 11542.
2, 29, 199
What are the prime factors of 133?
7, 19
List the prime factors of 78500.
2, 5, 157
What are the prime factors of 128219?
7, 13, 1409
What are the prime factors of 88220?
2, 5, 11, 401
What are the prime factors of 2866?
2, 1433
What are the prime factors of 30835?
5, 7, 881
What are the prime factors of 2568?
2, 3, 107
What are the prime factors of 9661?
9661
List the prime factors of 27873.
3, 19, 163
What are the prime factors of 48352?
2, 1511
List the prime factors of 5683.
5683
What are the prime factors of 54019?
7, 7717
List the prime factors of 2170.
2, 5, 7, 31
List the prime factors of 41620.
2, 5, 2081
What are the prime factors of 5750?
2, 5, 23
What are the prime factors of 17597?
17597
What are the prime factors of 18710?
2, 5, 1871
List the prime factors of 8682.
2, 3, 1447
List the prime factors of 18683.
7, 17, 157
What are the prime factors of 4421?
4421
List the prime factors of 777.
3, 7, 37
List the prime factors of 1712.
2, 107
List the prime factors of 43787.
43787
List the prime factors of 8399.
37, 227
What are the prime factors of 15855?
3, 5, 7, 151
List the prime factors of 277.
277
What are the prime factors of 492?
2, 3, 41
List the prime factors of 219.
3, 73
List the prime factors of 1392.
2, 3, 29
What are the prime factors of 51321?
3, 17107
List the prime factors of 9295.
5, 11, 13
What are the prime factors of 36927?
3, 11, 373
List the prime factors of 5515.
5, 1103
List the prime factors of 30929.
157, 197
What are the prime factors of 6889?
83
List the prime factors of 52723.
11, 4793
List the prime factors of 3289.
11, 13, 23
List the prime factors of 12974.
2, 13, 499
What are the prime factors of 1993?
1993
List the prime factors of 669.
3, 223
What are the prime factors of 11833?
11833
List the prime factors of 39868.
2, 9967
List the prime factors of 5039.
5039
What are the prime factors of 29?
29
What are the prime factors of 16732?
2, 47, 89
List the prime factors of 18721.
97, 193
List the prime factors of 1945.
5, 389
List the prime factors of 11112.
2, 3, 463
What are the prime factors of 712?
2, 89
What are the prime factors of 756?
2, 3, 7
What are the prime factors of 1100?
2, 5, 11
What are the prime factors of 11021?
103, 107
What are the prime factors of 11780?
2, 5, 19, 31
What are the prime factors of 61342?
2, 30671
List the prime factors of 8303.
19, 23
List the prime factors of 4190.
2, 5, 419
List the prime factors of 8689.
8689
List the prime factors of 3904.
2, 61
List the prime factors of 2317.
7, 331
List the prime factors of 1855.
5, 7, 53
List the prime factors of 709.
709
What are the prime factors of 4679?
4679
List the prime factors of 16963.
16963
List the prime factors of 2613.
3, 13, 67
What are the prime factors of 10605?
3, 5, 7, 101
List the prime factors of 122657.
173, 709
List the prime factors of 13176.
2, 3, 61
List the prime factors of 440.
2, 5, 11
List the prime factors of 3091.
11, 281
List the prime factors of 1188.
2, 3, 11
What are the prime factors of 1318?
2, 659
What are the prime factors of 6347?
11, 577
List the prime factors of 9817.
9817
List the prime factors of 15004.
2, 11, 31
List the prime factors of 22551.
3, 751